ate the greatest common divisor of 1989 and 5185.
17
What is the greatest common factor of 25311 and 147576?
429
What is the greatest common divisor of 12 and 792500?
4
Calculate the greatest common divisor of 70815 and 30.
15
Calculate the highest common factor of 4313520 and 720.
720
Calculate the greatest common factor of 61245 and 3285.
45
What is the greatest common divisor of 239 and 35611?
239
Calculate the greatest common factor of 782 and 30430.
34
Calculate the greatest common factor of 56 and 36.
4
Calculate the greatest common factor of 1048 and 893158.
262
What is the highest common factor of 41676 and 1932?
276
Calculate the greatest common factor of 5008648 and 464.
232
What is the highest common divisor of 8260 and 868?
28
Calculate the highest common divisor of 75150 and 900.
450
What is the greatest common factor of 92 and 2852782?
46
Calculate the greatest common divisor of 72 and 7932.
12
What is the greatest common factor of 86498 and 148890?
1418
Calculate the greatest common factor of 368 and 670404.
92
Calculate the greatest common factor of 11294 and 18.
2
What is the greatest common factor of 1488 and 155217?
93
Calculate the greatest common factor of 57348 and 1416.
708
What is the highest common factor of 36 and 1723212?
36
What is the highest common divisor of 4560 and 2546000?
1520
What is the greatest common factor of 3680940 and 12?
12
Calculate the greatest common divisor of 5191 and 1611.
179
Calculate the highest common factor of 2125 and 3625.
125
What is the greatest common factor of 106139 and 11?
11
What is the greatest common factor of 21801 and 161551?
559
What is the greatest common divisor of 225378 and 1824?
114
Calculate the highest common factor of 83070 and 150.
30
Calculate the highest common factor of 6776 and 11374.
242
Calculate the greatest common factor of 1191557 and 158.
79
Calculate the greatest common divisor of 552 and 16584.
24
Calculate the highest common divisor of 2184 and 4508868.
1092
Calculate the highest common factor of 43657 and 879.
293
Calculate the greatest common divisor of 2835 and 2592.
81
What is the highest common divisor of 2025 and 156?
3
What is the highest common divisor of 22295 and 6685?
35
Calculate the greatest common factor of 23 and 188393.
23
What is the greatest common factor of 650 and 1326?
26
What is the greatest common factor of 2168 and 1212454?
542
Calculate the highest common divisor of 51854 and 154.
22
Calculate the highest common factor of 24 and 4572.
12
What is the highest common divisor of 515 and 12772?
103
Calculate the greatest common divisor of 10365648 and 102.
102
Calculate the greatest common divisor of 399 and 1577.
19
What is the highest common divisor of 6275168 and 608?
608
What is the greatest common factor of 120 and 18?
6
Calculate the greatest common divisor of 429 and 55809.
39
What is the greatest common factor of 72 and 348?
12
What is the highest common factor of 109836 and 972?
972
Calculate the highest common divisor of 4756639 and 59.
59
Calculate the greatest common divisor of 21100 and 60.
20
Calculate the greatest common divisor of 32630 and 520.
130
What is the greatest common factor of 1981520 and 85?
85
Calculate the greatest common factor of 258 and 14362.
86
What is the highest common factor of 78 and 10638576?
78
Calculate the greatest common factor of 124 and 4388.
4
What is the highest common factor of 1632 and 2976?
96
Calculate the highest common factor of 325 and 24219.
13
What is the greatest common divisor of 81704 and 112?
56
Calculate the greatest common factor of 1831365 and 45.
45
What is the greatest common factor of 4585821 and 57?
57
Calculate the highest common factor of 7096 and 3784.
8
What is the highest common factor of 36 and 193932?
36
What is the highest common divisor of 144 and 79308?
36
Calculate the highest common factor of 428 and 143594.
214
What is the greatest common divisor of 1800 and 15480?
360
Calculate the greatest common divisor of 40 and 2148680.
40
Calculate the greatest common divisor of 221 and 1513.
17
What is the highest common factor of 717 and 392199?
717
What is the greatest common divisor of 4752 and 225072?
432
What is the greatest common divisor of 12 and 256756?
4
What is the highest common divisor of 6996 and 8076?
12
What is the highest common factor of 46844 and 119500?
956
What is the greatest common factor of 154 and 15722?
14
What is the highest common divisor of 1574 and 2001341?
787
Calculate the highest common divisor of 158 and 7759222.
158
Calculate the highest common factor of 243 and 52326.
81
Calculate the greatest common divisor of 4489 and 1005.
67
What is the greatest common divisor of 945 and 67725?
315
Calculate the greatest common divisor of 242 and 4171838.
242
What is the highest common factor of 88 and 3707?
11
What is the highest common divisor of 500 and 2884?
4
What is the greatest common divisor of 6399 and 164557?
79
What is the greatest common factor of 6875 and 1045?
55
Calculate the highest common factor of 88 and 12452.
44
Calculate the greatest common factor of 705 and 7020.
15
Calculate the greatest common divisor of 111 and 720649.
37
What is the highest common factor of 35064 and 72?
72
What is the greatest common divisor of 383508 and 3180?
636
What is the highest common divisor of 102 and 20238?
6
What is the highest common factor of 1547 and 296667?
119
Calculate the highest common divisor of 2258 and 5273559.
1129
What is the highest common factor of 8 and 860900?
4
Calculate the highest common factor of 28122 and 4902.
258
Calculate the highest common factor of 236933 and 217.
31
Calculate the highest common divisor of 10038 and 28.
14
What is the highest common factor of 4480 and 17010?
70
What is the highest common divisor of 35 and 4662?
7
Calculate the greatest common factor of 232 and 3666296.
232
Calculate the highest common factor of 1038818 and 44.
22
Calculate the greatest common divisor of 11654 and 22.
2
Calculate the highest common divisor of 8432424 and 18.
18
Calculate the highest common divisor of 928 and 1566.
58
Calculate the greatest common divisor of 1887 and 14541.
111
What is the highest common factor of 9657 and 12321?
333
What is the highest common divisor of 80 and 6460?
20
What is the highest common factor of 1545 and 5730?
15
Calculate the highest common divisor of 15348 and 32.
4
What is the highest common divisor of 1456 and 3744?
208
Calculate the highest common factor of 393 and 1836096.
393
What is the highest common divisor of 810 and 22590?
90
What is the highest common divisor of 5719945 and 385?
385
What is the greatest common divisor of 34 and 24293?
17
What is the greatest common factor of 689 and 589201?
53
Calculate the highest common divisor of 1479 and 57.
3
What is the greatest common factor of 21325 and 100?
25
Calculate the greatest common factor of 5064 and 22366.
422
Calculate the greatest common divisor of 3504756 and 948.
948
What is the highest common divisor of 928 and 551?
29
What is the highest common factor of 3127 and 1219?
53
What is the greatest common factor of 2470825 and 490?
245
Calculate the highest common divisor of 352 and 18832.
176
Calculate the highest common factor of 5226 and 268.
134
What is the greatest common divisor of 112 and 12600?
56
What is the greatest common divisor of 80 and 1470368?
16
What is the highest common factor of 1551 and 65001?
141
Calculate the greatest common factor of 3478050 and 590.
590
Calculate the greatest common divisor of 8660592 and 9.
9
What is the greatest common factor of 6816930 and 60?
30
What is the greatest common factor of 1306 and 16347202?
1306
Calculate the highest common divisor of 37200 and 384.
48
Calculate the greatest common factor of 71310 and 60.
30
What is the greatest common factor of 125528 and 520?
104
Calculate the highest common factor of 93933 and 147.
147
Calculate the greatest common divisor of 62 and 163525.
31
Calculate the greatest common factor of 550 and 16610.
110
Calculate the greatest common divisor of 840 and 3189480.
840
What is the greatest common divisor of 15 and 73995?
15
What is the highest common divisor of 300 and 835?
5
Calculate the highest common divisor of 9889 and 16027.
34